divided by (2 - 3/2)*j?
7
Let v = 5 - 7. Let u = 3 - v. Suppose 0 = u*t + 5, -60 = -2*h + 3*t + t. What is the remainder when h is divided by 15?
13
Suppose q + 59 = 2*c + 6*q, -48 = -4*c + 4*q. Calculate the remainder when 67 is divided by c.
16
Let j(y) = y**2 - 8*y - 11. Let l(r) = r**3 + 5*r**2 + r - 2. Let f be l(-4). Calculate the remainder when 33 is divided by j(f).
6
Let d(l) be the first derivative of -3*l + l**2 + 0 + 2*l - 4*l + 2. Calculate the remainder when d(5) is divided by 2.
1
Suppose p - 5*u = 17, -14 = -2*p + p + 4*u. What is the remainder when p/(-6)*(12 - 315) is divided by 34?
33
Let n = -17 + 12. Let x = n + -1. Calculate the remainder when 23 is divided by 2/x*(-4 - 35).
10
Suppose -2*c - 3*c = -145. Calculate the remainder when c is divided by 10.
9
Suppose -4 = 4*f - 140. Calculate the remainder when 237 is divided by f.
33
Let f = 3 + 2. What is the remainder when -10 + 4 + 3 - -4 - -8 is divided by f?
4
Let f(t) = t**3 + 4*t**2 + 2*t + 2. Let o be f(-4). Let h = 1 - o. What is the remainder when 51/4 + 3/12 is divided by h?
6
Let x be (-6)/5*(-2 - 3). Let v = 0 + x. Suppose -g = -u - 19, 27 = 2*g + 2*u - 3. Calculate the remainder when g is divided by v.
5
Let o(k) = k**2 + 8*k - 13. What is the remainder when o(-10) is divided by 2?
1
Let m be 1 - (1*-7 + 1). Suppose 0 = 4*a - 61 - m. Calculate the remainder when a is divided by (-39)/(-6) - 3/6.
5
Let r(s) = -s + s - 4*s + 5*s + 55*s**2. What is the remainder when r(-1) is divided by 19?
16
Suppose 2*a - 86 = -24. What is the remainder when a is divided by 11?
9
Let x be (-33)/(-9) - (-3)/9. Suppose x*c - c - 33 = 0. What is the remainder when 42 is divided by c?
9
Let c(a) = -2*a - 5. Let n(p) = p - 3. Let l be n(-3). Let v be c(l). Suppose 5*u - 83 = v. What is the remainder when 35 is divided by u?
17
Let c = -1 - -22. Let i = c - 9. Let a = 3 + i. What is the remainder when 29 is divided by a?
14
Suppose 5*y + 12 = 7*y. Suppose -k + 16 = -y. Let j = 0 - -12. Calculate the remainder when k is divided by j.
10
Let m = -5 + 9. Suppose -m*a + 66 + 14 = 0. What is the remainder when 58 is divided by a?
18
Let j(x) = -x**3 - 6*x**2 + x + 6. Let n be j(-6). Suppose n = -z + 2, -3*q - 2*z + 6 = z. Let d = 8 + q. Calculate the remainder when 14 is divided by d.
6
Suppose -5*c + 65 = -2*o, -5*o + 2 = -5*c + 52. Let s = c - 2. Suppose 16 = 2*k - 60. Calculate the remainder when k is divided by s.
12
Let h(l) = -3*l**2 + 28*l + 3. What is the remainder when 44 is divided by h(9)?
8
Let y = -220 - -240. What is the remainder when 452/12 + (-4)/6 is divided by y?
17
Let i = 0 - -8. Let d = 12 - -1. What is the remainder when d is divided by i?
5
Let w = -94 + 144. Let c = -36 + w. Calculate the remainder when 40 is divided by c.
12
Suppose 0 = 3*s + 5*t - 140, 2*s - 5*s + 4*t = -104. Suppose 0 = -y - c + 32, -y = -c + 4*c - s. Calculate the remainder when y is divided by (10/3)/(4/18).
13
Let m = -55 + 87. What is the remainder when m is divided by 23?
9
What is the remainder when 19 is divided by (-20)/3*(-6)/5 - -4?
7
Let z = 193 + -135. What is the remainder when z is divided by 20?
18
Let j = 14 + -11. Suppose -j*n = d, -5*d - n = -d - 44. Calculate the remainder when d is divided by 4.
0
Let y(m) = 3*m - 3. What is the remainder when y(9) is divided by 14?
10
Suppose -31 = -4*q + 37. Suppose 0*m = -m + q. What is the remainder when 31 is divided by m?
14
Let q = 43 + -22. What is the remainder when q is divided by 13?
8
Let r(y) be the second derivative of 209*y**3/2 - y**2/2 + 3*y. Let n be r(-2). What is the remainder when n/(-30) - 2/(-12) is divided by 15?
12
Suppose 4*s - 2*s = 0. Let h be (-1 - (s + 0)) + 5. Suppose 0 = h*m - m - 30. Calculate the remainder when 28 is divided by m.
8
Let q(m) = -m + 24. What is the remainder when q(14) is divided by 6?
4
Suppose -4*g + 34 = r, -2*r - g = g - 68. Let i = -1 + r. Let k(l) = 17*l**3 - l + 1. What is the remainder when i is divided by k(1)?
16
Let v(d) = 24*d + 7. Let z be v(11). Let a = -182 + z. What is the remainder when a is divided by 23?
20
What is the remainder when 60 + (2 - 1) - (6 - 3) is divided by 12?
10
Let k(g) = g**3 + g + 2. Let n = 8 - 6. Suppose -n*q - 2*q = -4. What is the remainder when k(0) is divided by q?
0
Let x(n) = -n + 26. What is the remainder when 134 is divided by x(-8)?
32
Let f(m) = -m**3 - m**2 + 3*m - 4. What is the remainder when 17 is divided by f(-3)?
2
Calculate the remainder when 51 is divided by ((-60)/20)/(3/(-19)).
13
Suppose 0 = -5*k + 1 + 4. Suppose 4*j - j = 0. Let h = j + k. Calculate the remainder when h is divided by 1.
0
Suppose 0 = 3*q + q - 12. What is the remainder when q is divided by 1?
0
Let o = -30 - -43. Let u = -67 + 105. Calculate the remainder when u is divided by o.
12
Let t(u) = 4*u - 17. Calculate the remainder when 52 is divided by t(7).
8
Let d = -1 - -3. Suppose -2*v = d*v - 52. What is the remainder when 24 is divided by v?
11
Suppose -5*k + 3 - 4 = 4*q, 5*q - 2 = -3*k. Let w(z) = 15*z**2 - 1. Let j(n) = -14*n - 2. Calculate the remainder when j(-3) is divided by w(q).
12
Let u(l) = 10*l**2 - 3*l - 5. Calculate the remainder when u(-2) is divided by 14.
13
Suppose 2*c + c - 243 = -3*j, -2*c + 4*j + 168 = 0. Let z = 69 - 41. Calculate the remainder when c is divided by z.
26
Suppose -4*c - 6 = -z - z, -5*z = 2*c - 51. Suppose 53 = 2*t - 27. Let h = t - 23. What is the remainder when h is divided by z?
8
Let h be (-7)/(-28) - 4477/4. What is the remainder when 6/8 + h/(-12) is divided by 32?
30
Let i = -1 - -8. Let n be 1/4 + 17/(-4). Let p = n + i. What is the remainder when 7 is divided by p?
1
Let d(a) = 6*a - 3. Suppose 2*l = 4*y + 54, 0*y = 4*l - 2*y - 108. What is the remainder when l is divided by d(3)?
12
Suppose 4*d - 5*d + 3 = 0. Let q(n) = -n**2 + 2*n + 3. Let p be q(-3). What is the remainder when 3/p + 34/8 is divided by d?
1
Let i = 64 - 19. Calculate the remainder when 132 is divided by i.
42
Let j(w) = 2*w**2 + 2*w + 1. Let a be j(-2). Suppose 0 = -3*u + 5*k - 60, -a*u = -2*u + 4*k + 60. Calculate the remainder when 13 is divided by 6/(-4)*u/6.
3
What is the remainder when 1*(15 + 1) + -3 is divided by 7?
6
Let s = 24 + -19. Let m(v) = 13*v - 9. Let x(k) = 4*k - 3. Let g(f) = 3*m(f) - 8*x(f). What is the remainder when g(s) is divided by 11?
10
Let q(a) = 8*a**3 + 2*a**2 - 2*a + 2. Let k = 93 + -69. What is the remainder when q(2) is divided by k?
22
Let t(p) = -2 + 3*p - 2*p**2 + 6*p**3 - 3*p**2 + 3*p**2. Calculate the remainder when t(2) is divided by (6/(-2))/((-1)/5).
14
Suppose 9 = 3*s, b = -0*b + s + 92. Let x = b - 52. What is the remainder when x is divided by 15?
13
Let l(c) = c**2 - 11*c + 12. Let t be l(10). Let a(s) = -3 + 3*s - 7*s**3 + 7*s**2 - s**t + 8*s**3. Calculate the remainder when a(-4) is divided by 9.
8
Let a be (42/10)/(4/20). Suppose -2*j - 4*k + a = -k, 0 = 5*j - 4*k + 5. Suppose -4*q = -j*q - 10. Calculate the remainder when 19 is divided by q.
9
Let k = -1 - -5. What is the remainder when (4/3)/(2/15) is divided by k?
2
What is the remainder when 34 is divided by 6*3/6 + 4?
6
Suppose 4*z - 5*k - 204 = 0, 3*z + k = -3*k + 184. Calculate the remainder when z is divided by 21.
14
Let y(c) = -c**3 - 2*c**2 - 5. Let b be (-6 + 4)/(2/4). What is the remainder when y(b) is divided by 14?
13
Suppose -3*f + 35 = 17. Calculate the remainder when 33 is divided by f.
3
Let p(q) = -q + 5. Calculate the remainder when 44 is divided by p(-10).
14
Suppose -3*t + 8*t - 25 = 0. Let s be (-2)/t*(-36 + 1). Suppose 5*f - s - 10 = y, 4*f + 3*y - 23 = 0. What is the remainder when 9 is divided by f?
4
Suppose 3*s - 61 = w, -s - 3*w = -4*s + 69. Calculate the remainder when 74 is divided by s.
17
Let z(n) = n**3 - 4*n**2 - 11*n + 14. Calculate the remainder when z(6) is divided by 11.
9
Let t = 23 + -12. Suppose j - 3 = 2. Suppose 3*i - 170 = -j*p, 5*p - 104 = p + 4*i. What is the remainder when p is divided by t?
9
Calculate the remainder when 41 is divided by 1 + (17 - (7 - 3)).
13
Suppose -5*h + 7 = -3. Let p(s) = 3*s**2 - s - 1. Calculate the remainder when 26 is divided by p(h).
8
Suppose a = 2*a + 2. Let q(g) = -9*g**2 - 3. Let i(j) = 5*j**2 + 2. Let u(k) = -10*i(k) - 6*q(k). What is the remainder when u(a) is divided by